uppose -116 = -3*y - 2*z, 2*y - j = -2*z + 6*z. List the prime factors of y.
2, 3
Let r(p) = 5*p**2 + 3*p - 2. Let v = -20 - -22. Suppose -2*z + z + 11 = -5*m, 0 = -v*m + 4*z + 10. What are the prime factors of r(m)?
2, 17
Suppose g - 4*g = -768. Suppose -g = -v - 7*v. List the prime factors of v.
2
Suppose 7*k - 545 - 50 = 0. What are the prime factors of k?
5, 17
Suppose 33*i = -22*i + 144155. What are the prime factors of i?
2621
Suppose 0 = 5*b - 16 + 6. Let f be ((-6)/(-10))/(b/10). Suppose 2*r - 45 = -0*r + t, f*r - 2*t - 67 = 0. List the prime factors of r.
23
Suppose 0 = -10*l + 7*l + 2*t + 9427, -6272 = -2*l - 5*t. List the prime factors of l.
3, 349
Let o = -33 + 37. Suppose w - 91 = -o. List the prime factors of w.
3, 29
Suppose 15*w = -0*w + 195. Suppose -w*z + 417 = -935. List the prime factors of z.
2, 13
Let z = -1 - -3. Suppose -210 = -z*w - 3*w. List the prime factors of w.
2, 3, 7
Let t be 1/(3/(-1068)*2). Let j = 356 + t. What are the prime factors of j?
2, 89
Let i(m) = m**3 + 16*m**2 - 11*m + 4. Let t be i(-14). Suppose 5*p = -2*y + 58 + 127, 5*p + t = 5*y. What are the prime factors of y?
3, 5, 7
Let w be 4 + (-12 + 12)*1/2. What are the prime factors of w/(-1) + -5 + -1 + 84?
2, 37
Suppose 5*j + 3*c = 2231, 5*j + c = -4*c + 2225. What are the prime factors of j?
2, 7
Let u be (0/(2 + (3 - 6)))/(-2). Suppose 3*o + 15 = 0, u*m + 3*m = -o + 343. What are the prime factors of m?
2, 29
Suppose -3*h - 3 = 6. Let n be 1/h - (-220)/12. Let y = n + -9. What are the prime factors of y?
3
Let i(y) = 3*y - 12. Let d be i(5). Suppose 5*j - 16 = 9. Suppose d*u - j*u = -14. What are the prime factors of u?
7
Suppose -189*h = -184*h - 3510. What are the prime factors of h?
2, 3, 13
Let c(g) = -7*g**2 - 2*g + 1. Let q be c(1). Let h(p) = p**2 + p - 1. Let s(b) = 4*b**2 - 2*b - 7. Let n(l) = 5*h(l) - s(l). List the prime factors of n(q).
2, 5
Let p(k) = -k. Let d be p(-2). Suppose 0 = -0*t + d*t - 134. What are the prime factors of t?
67
Let n(m) = -5*m - 3. Let t be n(-1). Suppose -117 = -t*w + 109. What are the prime factors of w?
113
Suppose -38*k - 4732 = -40*k. List the prime factors of k.
2, 7, 13
Let l be ((-4)/3 - -1)*0. Suppose 500 = 3*b + y + 65, l = -5*y. List the prime factors of b.
5, 29
Let k(b) = b**3 + 20*b**2 - 11. What are the prime factors of k(-18)?
7, 13
Suppose 0 = -4*m + 4 + 4. Let n be -1*m/(8/(-44)). Suppose 7*y - n*y = -92. List the prime factors of y.
23
Suppose -v + 6 = v - 4*c, -v + c + 6 = 0. Let b = 3 + v. Suppose -2*m + 2*f - 53 = -145, 4*f = -b. List the prime factors of m.
43
Suppose 0 = 3*a - 21*a + 1782. List the prime factors of a.
3, 11
What are the prime factors of ((-930)/4)/(7/(-14))?
3, 5, 31
Let l(w) = -9*w + 6. Let k be l(3). Let p = -15 - k. Suppose -m = -p*m + 200. List the prime factors of m.
2, 5
Suppose 6*t - 5*t + 9 = 0. Let d = 23 + t. What are the prime factors of d?
2, 7
Suppose 0*g - 3*g = -51. Let q = g + -17. Suppose 42 = r - q*r. What are the prime factors of r?
2, 3, 7
Suppose 16 = 7*y - 26. Suppose -y*f + 930 = 4*f. What are the prime factors of f?
3, 31
Let d = 15 - 2. Let o be (1/7)/(89/3738). Suppose o*t + d = 157. What are the prime factors of t?
2, 3
Let o = 10 - 9. What are the prime factors of o - (-65 + -4 + -1)?
71
What are the prime factors of -1*5/(-1) + 134?
139
Suppose -5*d = 3*m + 129, -2 = 3*d + 7. List the prime factors of -21 + 24 + (m*6)/(-2).
3, 13
Let r(q) = q + 67. Let t be (-124)/(-44) + 2/11. Let w be (-18)/(-27) + (-2)/t. What are the prime factors of r(w)?
67
Suppose -5876 = -3*a + 2*s, 9*a - 10*a + 1957 = -s. List the prime factors of a.
2, 3, 109
Suppose -c = 4*i + 27, -3*i + c - 24 = -2*c. Let q = 7 + i. Suppose -2*a - v + 5 = q, 0*a - 4*v = -a + 16. List the prime factors of a.
2
Suppose -2*j + 1 = -3. Let q be j + -3 - 0 - -298. List the prime factors of 1/5 + q/15.
2, 5
Let b(d) = -d**3 - 19*d**2 + 7*d**3 + 10 - 5*d**3 + 0*d**3 + 20*d. List the prime factors of b(18).
2, 23
Let k(t) = 13*t**2 - 10*t + 90. What are the prime factors of k(12)?
2, 3, 307
Suppose 5*q - 9014 = -4*k, -27*k + 4*q + 9032 = -23*k. What are the prime factors of k?
2, 3, 47
Suppose -8 = -3*r + j + 7, -3*j - 5 = r. Suppose 8*f - 536 = r*f. What are the prime factors of f?
2, 67
Suppose 5*j - 9 = -14, -5*f + 4*j + 284 = 0. What are the prime factors of f?
2, 7
Suppose -2051 = -3*m + 4*c, 0 = -4*m + 3*c - 2*c + 2739. Suppose 3*n - m + 232 = 0. List the prime factors of n.
151
Suppose -b - 3*b = -5*c + 1068, 0 = -c - 3*b + 206. Let v = c - 8. What are the prime factors of v?
2, 3, 17
Suppose 0 = z + 2*l - 4, 0*l + 20 = 5*z - 5*l. Let t be (-3 - -3)*(-2)/z. Suppose t = -3*h - 1 + 112. List the prime factors of h.
37
List the prime factors of (-1199)/(-33) - ((-8)/(-6) - 2).
37
Let i be 258/21 - (-4)/(-14). Let c(j) = j**2 - 7*j + 10. Let b be c(6). Suppose 48 + i = b*u. What are the prime factors of u?
3, 5
Let d = 351 - 237. What are the prime factors of d?
2, 3, 19
Suppose 4*r - 5*f - 1120 = -7*f, -289 = -r + 4*f. What are the prime factors of r?
281
List the prime factors of (-100)/500 + 1/(-5)*-3806.
761
Let a = -1188 - -555. List the prime factors of 2/(-11) - (a/33 - 6).
5
Let d = 56 - 37. What are the prime factors of (-1)/(-1)*d/((-95)/(-660))?
2, 3, 11
Suppose 2 = 3*r - 4, 3*q + 5*r - 1108 = 0. List the prime factors of q.
2, 3, 61
Let q = 348 - 124. What are the prime factors of q?
2, 7
Let i be 6/21 - ((-72)/14)/(-4). Let f = 31 - i. List the prime factors of f.
2
Let o(z) = z + 4. Let s be o(0). Suppose s*l - 254 = 2*u, 4*l + 5*u + 47 - 322 = 0. What are the prime factors of l?
5, 13
Let m(h) = -h**3 - 16*h**2 - 42*h - 13. What are the prime factors of m(-15)?
2, 7
Suppose 0 = -r - r - 60. List the prime factors of ((-84)/r)/(2/80).
2, 7
Let x = 4 + 3. Let a = -5 + x. Suppose n - 31 - a = 0. What are the prime factors of n?
3, 11
Suppose -2*j - 4*a = -6*a - 728, 3*j - 2*a - 1091 = 0. What are the prime factors of j?
3, 11
Let f(q) = q - 13. Let w be f(18). Suppose -3*y - 3*o = 2*o - 126, w*o = 15. List the prime factors of y.
37
Suppose -148122 + 7921 = -47*g. List the prime factors of g.
19, 157
Let u(x) = -x**3 + 7*x**2 + 7*x. Let j be u(8). List the prime factors of 12*(-4 - 68/j).
2, 3
Let n(s) = s**3 - 14*s**2 + 2. Let g be n(14). Suppose i + 56 = g*i. What are the prime factors of i?
2, 7
Let p be (-8)/(-28) + 1296/21. Let s = -5 + p. List the prime factors of s.
3, 19
Let i be 1/((-1)/(-291) + -1 + 1). Suppose i = 2*y - 2*b - 229, 3*b = -y + 240. What are the prime factors of y?
3, 5, 17
List the prime factors of (-2639)/(-4) + 35/140.
2, 3, 5, 11
What are the prime factors of (-2 + 1)*(-1)/((-1)/(-1661))?
11, 151
Let h(d) = -d + 2. Let b be h(-7). Let w(y) = y**2 - 7*y - 11. Let a be w(b). Let k(v) = v**2 - 4*v + 7. List the prime factors of k(a).
2, 7
Let d = -449 - -789. Let j = d + -202. List the prime factors of j.
2, 3, 23
Suppose z - 2*v = 143, 3*z + 4*v - 2*v = 469. List the prime factors of z.
3, 17
Suppose -8*w - 14 = -78. Suppose l + w = 20. What are the prime factors of l?
2, 3
Suppose 18*m + 22754 = 49*m. What are the prime factors of m?
2, 367
Suppose -o - 1 = -w - 3, -4*o + 8 = 3*w. Suppose o*f + f = -4*t + 4, 3*t + 4*f = 3. List the prime factors of t + 1 - 52/(-2).
2, 7
Let l(f) = 5*f**2 + f + 10. Let p(x) = 6*x**2 - 9 + 2*x + 24 - 5. Let w(j) = 5*l(j) - 4*p(j). What are the prime factors of w(8)?
2, 5
Let v(a) = -a**3 + 8*a**2 - 7*a + 6. Let n be v(7). Suppose -2 + n = 4*z. List the prime factors of z - 3 - (-1 - 41).
2, 5
Let g(v) = 2*v - 3 + 2*v + v - v**2. Let i be g(5). Let b(a) = -2*a**3 - 5*a**2 - 3*a - 2. List the prime factors of b(i).
2
Let n(l) = l - 16. Let o be n(11). Let r = -13 - o. Let t = r + 31. What are the prime factors of t?
23
Let j(d) = d**2 - 18*d - 73. What are the prime factors of j(31)?
2, 3, 5, 11
Suppose -5*d + 5 = -10. Suppose 3 = d*y - x, -2*y + 4*x + 2 = 10. Suppose -y*r + 40 = -32. What are the prime factors of r?
2, 3
Let s(u) = u**3 + 2*u**2 - u - 3. Let w be s(3). Suppose 0*h + w = h. List the prime factors of h.
3, 13
Let w be 9 + (-17 - -8) - (0 + -1). List the prime factors of 2/4*(-316*w)/(-2).
79
Let u be (3/((-72)/(-8)))/(2/18). Suppose y = 3*m - 877, -51 = u*m - 2*y - 929. What are the prime factors 